.
11
Let n(k) = -2*k**2 - 6*k - 9. Suppose 0 = -4*i + 12, q + 3*i = 2*i. Let w be n(q). What is the remainder when 27 is divided by 2 + 2 + w/(-3)?
6
Let c = -11045 - -11328. What is the remainder when 1696 is divided by c?
281
Let z be (32/(-12) - 1*-3)*-3. What is the remainder when 296 is divided by 34 + (z - (-5 - -8))?
26
Calculate the remainder when 436 is divided by (-16*(-9)/(-27))/(2/(-24)).
52
Calculate the remainder when 3972 is divided by ((5 - -1) + (-432)/(-32))/((-5)/(-20)).
72
Let z(q) = q**2 - 80*q + 651. Calculate the remainder when 1751 is divided by z(9).
11
Let a = 2587 + -2581. Calculate the remainder when 56 is divided by a.
2
Suppose -536*j + 984*j + 890*j = 17394. Calculate the remainder when j is divided by ((-2)/(-4))/(3/78).
0
Suppose -47*v + 46*v + 177 = -3*w, -v = 4*w - 163. Calculate the remainder when v is divided by 17.
1
Suppose -4*b + 32 = -0*b. Suppose -k + 95 - 41 = 0. Suppose -26 = -b*n + k. What is the remainder when 37 is divided by n?
7
What is the remainder when 595 is divided by (194/6)/(8/24)?
13
Let g(c) = -6*c**3 + 6*c**2 - 9*c + 46. Suppose 3*d + 0*d = -5*y + 30, y = 2*d - 33. Calculate the remainder when g(0) is divided by d.
1
Suppose -5*x = 3*m - 809 + 150, -4*x = 20. What is the remainder when m is divided by (21/(-6))/((-2)/44)?
74
Suppose 130*a - 2982 = 6768. Let h(f) = -50*f - 51. Calculate the remainder when h(-16) is divided by a.
74
Let f = -3450 + 3532. What is the remainder when f is divided by 27?
1
Suppose 78 = 2*g + 2*p, p = g + 3*g - 131. Suppose g*w = -10*w + 5060. Calculate the remainder when 804 is divided by w.
114
Let q be (1*0/1)/(-6 - -9). Suppose -3*j - 327 = -q*y - 2*y, 99 = -j + 4*y. Let f = -68 - j. Calculate the remainder when f is divided by 9.
7
Let h(i) = -i**2 + 37*i - 120. Let c be h(28). Suppose 10*t - 158 - c = 0. What is the remainder when 173 is divided by t?
28
Let v = 3789 + -1904. Calculate the remainder when v is divided by 99.
4
Let j be (-207)/(-483) + ((-152)/(-14))/(-2). Let z(c) = -7*c + 180. What is the remainder when z(j) is divided by 31?
29
Suppose 2*n + 4*n - 18 = 0. Suppose 140 = c + n*c + g, 2*g + 44 = c. What is the remainder when c is divided by 2 - 5 - 44/(-4)?
4
Let x(i) = i + 11. Let d(p) = 2*p**2 + 7*p - 4. Let g be 3 - (1 + (6 - 0)). Let r be d(g). What is the remainder when 42 is divided by x(r)?
9
Let w be (-736)/20*5/(-2). Suppose 5*z + 3*q = 198, -4*z + 2*q + w = -2*z. Calculate the remainder when z is divided by 15.
12
Suppose -x + 185 = 2*s, x + 85 = 670*s - 669*s. Let f = -44 + 94. Calculate the remainder when s is divided by f.
40
Let f(s) = -132*s - 4984. What is the remainder when 1670 is divided by f(-38)?
6
Suppose -15*s - 2563 + 6928 = 0. Calculate the remainder when 585 is divided by s.
3
Suppose 0 = -5*o + 9*o - 24. Suppose 2*c + 5 = d, 14 = 4*c - o. Let a = 7 - -5. Calculate the remainder when d is divided by a.
3
Suppose -4*l = -l + 456. Let h = -127 - l. What is the remainder when 94 is divided by h?
19
Let z = -281 + 281. Suppose z = 6*w - 1406 - 424. Calculate the remainder when w is divided by 51.
50
Let c = 2692 - 2689. What is the remainder when 120 is divided by c?
0
Suppose 15*f - 588 = -21*f + 8*f. Calculate the remainder when 149 is divided by f.
2
Let y be ((-27)/18)/(-1 - 46/(-52)). Let r(k) = -k**2 - 4. Let h be r(0). Let u = y - h. What is the remainder when u is divided by 10?
7
Let b = 5274 + -5227. Calculate the remainder when 665 is divided by b.
7
Let x(a) = 3*a - 6. Let z(y) = y**2 + 4*y + 6. Let n be z(-4). Suppose -u - n*u + 105 = 0. What is the remainder when x(u) is divided by 20?
19
Suppose n - 609 = -184. Suppose -n = 29*b - 34*b. Suppose 5*z + 14 + b = 4*v, -4*v - 5*z = -69. What is the remainder when v is divided by 13?
8
Suppose 0 = -2*n - 2*m - 60 + 148, 4*m + 20 = 0. Calculate the remainder when n is divided by 39.
10
Suppose 13*w + 8 = 12*w. Let c(l) = -l**3 - 8*l**2 - 3*l + 3. What is the remainder when 214 is divided by c(w)?
25
Suppose 2*m + 0*m - t = 7, -3*t + 29 = 4*m. Suppose 7*p + 12 = f + m*p, 0 = -4*f - 2*p + 18. Calculate the remainder when 40 is divided by f.
4
Suppose 0 = 11*w - 10*w + 3*v - 64, -4*w + 306 = 2*v. Calculate the remainder when 2366 is divided by w.
75
Suppose -9 + 1 = -2*t. Let x be 1488/(-42)*(-189)/108. Suppose -t*h + 182 = x. Calculate the remainder when h is divided by 17.
13
Let c = 65 + -33. Let x = c - 48. Let y = 2 - x. What is the remainder when y is divided by 5?
3
Suppose -26 = -2*r + r + 4*h, -4*r = -5*h - 71. Suppose 0 = w - r - 27. What is the remainder when 162 is divided by w?
39
Let c be 6 - -5 - -10*(4 - (-110)/(-25)). Let k(r) = -3*r + 0*r + 4*r. Calculate the remainder when 20 is divided by k(c).
6
Let i = 186 + -124. Let a = i + -15. Calculate the remainder when 187 is divided by a.
46
What is the remainder when 469 is divided by 204/136 + ((-331)/(-2) - 0)?
135
Let a = -1272 - -1297. Let b(o) = o**2 + 132. Let n be b(0). Let t = n - 84. Calculate the remainder when t is divided by a.
23
Suppose 4*j = 0, 114 = 4*g - 2*g + 3*j. What is the remainder when 7 - (-5 - -35)*-3 is divided by g?
40
Calculate the remainder when 5727 is divided by (-2482)/(-13) - (-237)/3081.
188
Suppose 5 = 5*r - 10. Suppose r*q - 3*l - 27 = 0, 2*q - 4*l - 16 = -3*l. Let i(b) = b**2 - 4*b - 9. Calculate the remainder when q is divided by i(6).
1
Suppose 0 = -36*f + 30*f - 636. Let h = f + 111. What is the remainder when 27 is divided by h?
2
Suppose 29*t + 95 - 3981 = 0. What is the remainder when t is divided by 1026/30 - (0 - (-1)/5)?
32
Let k(l) = 4*l - 25. Let x be k(5). What is the remainder when 4/12 - -262*x/(-30) is divided by 24?
20
Let g = 4416 - 4311. Calculate the remainder when g is divided by 45.
15
Let s(w) = -w**3 - 30*w**2 - 84*w - 79. Calculate the remainder when 39 is divided by s(-27).
1
Let p = -7245 + 7461. Calculate the remainder when 657 is divided by p.
9
Let b(r) = 2*r**2 - 52*r + 1. Let h be b(26). Let t = h - -12. Calculate the remainder when 271 is divided by t.
11
Let z(k) = 32*k**2 + 12*k + 5 - 13*k**2 - 42*k - k**3. Calculate the remainder when z(17) is divided by 19.
16
Let n be (-6)/(-8)*32/12. Suppose 0*o + 8 = n*o. Suppose 4*a = 3*f - 50, -4*a - 34 = -f - o. Calculate the remainder when 18 is divided by f.
8
Let f(x) = x**2 + 7*x - 25. Let n be f(-9). Suppose u - l - 4*l - 21 = 0, -9 = u + l. Calculate the remainder when 62 is divided by 21 - (n - u - -2).
18
Let o(g) = -g**3 + 23*g**2 + 2*g - 37. Let y = -148 - -171. Calculate the remainder when 222 is divided by o(y).
6
Let o be 4/3*630/168. Suppose c + 3*c = -12, -o*i + 2*c = -441. What is the remainder when i is divided by 22?
21
Let z(r) = -17*r - 60. Let x be 42/(-24)*-2*(-6 + 4). Calculate the remainder when z(x) is divided by 10.
9
Suppose -308*g + 310*g = -5*q + 5636, -4*q + 4516 = 4*g. What is the remainder when q is divided by 29?
24
Suppose -2*l - 32 = 3*i, -3*l = -6*l - 4*i - 49. Suppose 2*k + k + 50 = 2*x, x - 3*k = 28. Calculate the remainder when x is divided by ((-2)/6)/(l/684).
10
Suppose 66 = a + 3*s + 10, -2*s + 267 = 5*a. Suppose w = 2*w - 2*x - 10, 3*w = 5*x + 31. Suppose -w = -2*t + 44. Calculate the remainder when a is divided by t.
25
Suppose 224 = -3*w + 35*w. Let y(o) = -o**3 + 6*o**2 + 23*o + 1. Calculate the remainder when y(w) is divided by 15.
8
Let m(v) = 3*v**2 - 17*v - 5. Let h be m(6). Suppose -5*g = -3*u - 76, -g - 5*u + h = -3. What is the remainder when g is divided by 10?
4
Suppose -o - 8 = 2*g - 2, -5*o + 3*g - 56 = 0. Let f = 25 + o. What is the remainder when 612/(-170)*(-60)/8 is divided by f?
12
Let t(w) = -2*w**3 - 11*w**2 + 13*w + 51. What is the remainder when t(-9) is divided by 23?
18
Let x(f) be the first derivative of -f**3/3 - 43*f**2/2 - 74*f - 91. What is the remainder when x(-37) is divided by 30?
28
Suppose 16*i - 660 = 4*i. Let b = 140 - i. What is the remainder when b is divided by 31?
23
Let d = 397 - 385. Calculate the remainder when ((-15)/d - (-18)/24)*-164 is divided by 7.
5
Suppose -32*k + 3528 = -18744. Let w = k + -648. What is the remainder when 186 is divided by w?
42
Suppose 10*d = 6*d - 2*i + 386, 4*d + i - 385 = 0. Suppose q - d = -2*q + 3*w, -2*w + 152 = 4*q. What is the remainder when 130 is divided by q?
2